{"id":134,"date":"2020-10-14T08:10:56","date_gmt":"2020-10-14T08:10:56","guid":{"rendered":"http:\/\/graycelltech.in\/gct\/spilvekafe\/?page_id=134"},"modified":"2025-07-18T05:30:04","modified_gmt":"2025-07-18T05:30:04","slug":"lunch-specials","status":"publish","type":"page","link":"https:\/\/spilvekafe.lv\/spilvekafe-latvian\/lunch-specials\/","title":{"rendered":"Lunch Specials"},"content":{"rendered":"\t\t<div data-elementor-type=\"wp-page\" data-elementor-id=\"134\" class=\"elementor elementor-134\">\n\t\t\t\t\t\t<section class=\"elementor-section elementor-top-section elementor-element elementor-element-9ac8fd0 elementor-section-boxed elementor-section-height-default elementor-section-height-default\" data-id=\"9ac8fd0\" data-element_type=\"section\" data-e-type=\"section\" data-settings=\"{&quot;background_background&quot;:&quot;classic&quot;}\">\n\t\t\t\t\t\t\t<div class=\"elementor-background-overlay\"><\/div>\n\t\t\t\t\t\t\t<div class=\"elementor-container elementor-column-gap-default\">\n\t\t\t\t\t<div class=\"elementor-column elementor-col-100 elementor-top-column elementor-element elementor-element-3034c73\" data-id=\"3034c73\" data-element_type=\"column\" data-e-type=\"column\">\n\t\t\t<div class=\"elementor-widget-wrap\">\n\t\t\t\t\t\t\t<\/div>\n\t\t<\/div>\n\t\t\t\t\t<\/div>\n\t\t<\/section>\n\t\t\t\t<section class=\"elementor-section elementor-top-section elementor-element elementor-element-d5d25e7 elementor-section-boxed elementor-section-height-default elementor-section-height-default\" data-id=\"d5d25e7\" data-element_type=\"section\" data-e-type=\"section\">\n\t\t\t\t\t\t<div class=\"elementor-container elementor-column-gap-default\">\n\t\t\t\t\t<div class=\"elementor-column elementor-col-100 elementor-top-column elementor-element elementor-element-3106b88\" data-id=\"3106b88\" data-element_type=\"column\" data-e-type=\"column\">\n\t\t\t<div class=\"elementor-widget-wrap elementor-element-populated\">\n\t\t\t\t\t\t<section class=\"elementor-section elementor-inner-section elementor-element elementor-element-03275fc elementor-section-boxed elementor-section-height-default elementor-section-height-default\" data-id=\"03275fc\" data-element_type=\"section\" data-e-type=\"section\">\n\t\t\t\t\t\t<div class=\"elementor-container elementor-column-gap-default\">\n\t\t\t\t\t<div class=\"elementor-column elementor-col-33 elementor-inner-column elementor-element elementor-element-8fb3a37\" data-id=\"8fb3a37\" data-element_type=\"column\" data-e-type=\"column\">\n\t\t\t<div class=\"elementor-widget-wrap elementor-element-populated\">\n\t\t\t\t\t\t<div class=\"elementor-element elementor-element-267b51d elementor-widget elementor-widget-image\" data-id=\"267b51d\" data-element_type=\"widget\" data-e-type=\"widget\" data-widget_type=\"image.default\">\n\t\t\t\t<div class=\"elementor-widget-container\">\n\t\t\t\t\t\t\t\t\t\t\t\t\t\t\t<img fetchpriority=\"high\" decoding=\"async\" width=\"1062\" height=\"1062\" src=\"https:\/\/spilvekafe.lv\/spilvekafe-latvian\/wp-content\/uploads\/2020\/10\/dsf0564.jpg\" class=\"attachment-large size-large wp-image-408\" alt=\"\" srcset=\"https:\/\/spilvekafe.lv\/spilvekafe-latvian\/wp-content\/uploads\/2020\/10\/dsf0564.jpg 1062w, https:\/\/spilvekafe.lv\/spilvekafe-latvian\/wp-content\/uploads\/2020\/10\/dsf0564-768x768.jpg 768w\" sizes=\"(max-width: 1062px) 100vw, 1062px\" \/>\t\t\t\t\t\t\t\t\t\t\t\t\t\t\t<\/div>\n\t\t\t\t<\/div>\n\t\t\t\t\t<\/div>\n\t\t<\/div>\n\t\t\t\t<div class=\"elementor-column elementor-col-33 elementor-inner-column elementor-element elementor-element-aefcd74\" data-id=\"aefcd74\" data-element_type=\"column\" data-e-type=\"column\">\n\t\t\t<div class=\"elementor-widget-wrap\">\n\t\t\t\t\t\t\t<\/div>\n\t\t<\/div>\n\t\t\t\t<div class=\"elementor-column elementor-col-33 elementor-inner-column elementor-element elementor-element-466faf9\" data-id=\"466faf9\" data-element_type=\"column\" data-e-type=\"column\">\n\t\t\t<div class=\"elementor-widget-wrap elementor-element-populated\">\n\t\t\t\t\t\t<div class=\"elementor-element elementor-element-6c8ba44 elementor-widget elementor-widget-heading\" data-id=\"6c8ba44\" data-element_type=\"widget\" data-e-type=\"widget\" data-widget_type=\"heading.default\">\n\t\t\t\t<div class=\"elementor-widget-container\">\n\t\t\t\t\t<h2 class=\"elementor-heading-title elementor-size-default\">Kompleks\u0101s pusdienas \u20ac 7.00<\/h2>\t\t\t\t<\/div>\n\t\t\t\t<\/div>\n\t\t\t\t<div class=\"elementor-element elementor-element-a9ccd19 elementor-widget elementor-widget-heading\" data-id=\"a9ccd19\" data-element_type=\"widget\" data-e-type=\"widget\" data-widget_type=\"heading.default\">\n\t\t\t\t<div class=\"elementor-widget-container\">\n\t\t\t\t\t<h2 class=\"elementor-heading-title elementor-size-default\">Otr\u0101 \u0113diena cena bez zupas \u20ac 5.50<\/h2>\t\t\t\t<\/div>\n\t\t\t\t<\/div>\n\t\t\t\t<div class=\"elementor-element elementor-element-6eaa3c2 elementor-widget elementor-widget-heading\" data-id=\"6eaa3c2\" data-element_type=\"widget\" data-e-type=\"widget\" data-widget_type=\"heading.default\">\n\t\t\t\t<div class=\"elementor-widget-container\">\n\t\t\t\t\t<h2 class=\"elementor-heading-title elementor-size-default\">Pied\u0101v\u0101jam kompleks\u0101s pusdienas darba dien\u0101s no plkst. 11:00 \u2013 16:00<\/h2>\t\t\t\t<\/div>\n\t\t\t\t<\/div>\n\t\t\t\t<div class=\"elementor-element elementor-element-c4ee9f9 elementor-widget elementor-widget-text-editor\" data-id=\"c4ee9f9\" data-element_type=\"widget\" data-e-type=\"widget\" data-widget_type=\"text-editor.default\">\n\t\t\t\t<div class=\"elementor-widget-container\">\n\t\t\t\t\t\t\t\t\t<p><strong>Pusdien\u0101s ietilpst<\/strong><\/p><ul><li>Dienas zupas (\u00bd porciji) 2 vai 3 veidi<\/li><li>Otrais \u0113diens p\u0113c izv\u0113les (2 vai 3 veidi) ietver: ga\u013cu ar piedev\u0101m, d\u0101rze\u0146u sal\u0101tus un karstu m\u0113rci<\/li><li>Piedevas p\u0113c izv\u0113les: v\u0101r\u012bti kartupe\u013ci, kartupe\u013cu biezenis, r\u012bsi vai gri\u0137i<\/li><li>D\u0101rze\u0146u sal\u0101ti (1 veids)<\/li><li>Maize<\/li><li>Kompots<\/li><\/ul>\t\t\t\t\t\t\t\t<\/div>\n\t\t\t\t<\/div>\n\t\t\t\t<div class=\"elementor-element elementor-element-7e32bb8 elementor-widget elementor-widget-text-editor\" data-id=\"7e32bb8\" data-element_type=\"widget\" data-e-type=\"widget\" data-widget_type=\"text-editor.default\">\n\t\t\t\t<div class=\"elementor-widget-container\">\n\t\t\t\t\t\t\t\t\tPied\u0101v\u0101jums main\u0101s katru dienu un public\u0113ts <a href=\"https:\/\/www.facebook.com\/SpilveKafe.lv\/\" target=\"_blank\" rel=\"noopener\"><strong>Facebook <\/strong><\/a>\t\t\t\t\t\t\t\t<\/div>\n\t\t\t\t<\/div>\n\t\t\t\t<div class=\"elementor-element elementor-element-51488a3 elementor-widget elementor-widget-text-editor\" data-id=\"51488a3\" data-element_type=\"widget\" data-e-type=\"widget\" data-widget_type=\"text-editor.default\">\n\t\t\t\t<div class=\"elementor-widget-container\">\n\t\t\t\t\t\t\t\t\t<p>Pas\u016bt\u012bjumus kompleksaj\u0101m pusdien\u0101m pie\u0146emam pa t\u0101lruni:<\/p>\t\t\t\t\t\t\t\t<\/div>\n\t\t\t\t<\/div>\n\t\t\t\t<div class=\"elementor-element elementor-element-09f1ebd elementor-widget elementor-widget-html\" data-id=\"09f1ebd\" data-element_type=\"widget\" data-e-type=\"widget\" data-widget_type=\"html.default\">\n\t\t\t\t<div class=\"elementor-widget-container\">\n\t\t\t\t\t<a href=\"tel:+371 25923632\" class=\"order-now-button\">Order Now (+371 25923632)<\/a>\r\n<a href=\"tel:+371 29540760\" class=\"order-now-button\">Order Now (+371 29540760)<\/a>\t\t\t\t<\/div>\n\t\t\t\t<\/div>\n\t\t\t\t\t<\/div>\n\t\t<\/div>\n\t\t\t\t\t<\/div>\n\t\t<\/section>\n\t\t\t\t\t<\/div>\n\t\t<\/div>\n\t\t\t\t\t<\/div>\n\t\t<\/section>\n\t\t\t\t<\/div>\n\t\t","protected":false},"excerpt":{"rendered":"<p>Kompleks\u0101s pusdienas \u20ac 7.00 Otr\u0101 \u0113diena cena bez zupas \u20ac 5.50 Pied\u0101v\u0101jam kompleks\u0101s pusdienas darba dien\u0101s no plkst. 11:00 \u2013 16:00 Pusdien\u0101s ietilpst Dienas zupas (\u00bd porciji) 2 vai 3 veidi Otrais \u0113diens p\u0113c izv\u0113les (2 vai 3 veidi) ietver: ga\u013cu ar piedev\u0101m, d\u0101rze\u0146u sal\u0101tus un karstu m\u0113rci Piedevas p\u0113c izv\u0113les: v\u0101r\u012bti kartupe\u013ci, kartupe\u013cu biezenis, [&hellip;]<\/p>\n","protected":false},"author":1,"featured_media":0,"parent":0,"menu_order":0,"comment_status":"closed","ping_status":"closed","template":"templates\/inner-template.php","meta":{"footnotes":""},"class_list":["post-134","page","type-page","status-publish","hentry"],"_links":{"self":[{"href":"https:\/\/spilvekafe.lv\/spilvekafe-latvian\/wp-json\/wp\/v2\/pages\/134","targetHints":{"allow":["GET"]}}],"collection":[{"href":"https:\/\/spilvekafe.lv\/spilvekafe-latvian\/wp-json\/wp\/v2\/pages"}],"about":[{"href":"https:\/\/spilvekafe.lv\/spilvekafe-latvian\/wp-json\/wp\/v2\/types\/page"}],"author":[{"embeddable":true,"href":"https:\/\/spilvekafe.lv\/spilvekafe-latvian\/wp-json\/wp\/v2\/users\/1"}],"replies":[{"embeddable":true,"href":"https:\/\/spilvekafe.lv\/spilvekafe-latvian\/wp-json\/wp\/v2\/comments?post=134"}],"version-history":[{"count":105,"href":"https:\/\/spilvekafe.lv\/spilvekafe-latvian\/wp-json\/wp\/v2\/pages\/134\/revisions"}],"predecessor-version":[{"id":1034,"href":"https:\/\/spilvekafe.lv\/spilvekafe-latvian\/wp-json\/wp\/v2\/pages\/134\/revisions\/1034"}],"wp:attachment":[{"href":"https:\/\/spilvekafe.lv\/spilvekafe-latvian\/wp-json\/wp\/v2\/media?parent=134"}],"curies":[{"name":"wp","href":"https:\/\/api.w.org\/{rel}","templated":true}]}}